{"id":10,"date":"2024-01-15T14:04:45","date_gmt":"2024-01-15T14:04:45","guid":{"rendered":"https:\/\/startersites.io\/blocksy\/consultant\/?page_id=10"},"modified":"2024-11-18T17:49:47","modified_gmt":"2024-11-18T17:49:47","slug":"services","status":"publish","type":"page","link":"https:\/\/radionetsaglikhizmetleri.com\/?page_id=10","title":{"rendered":"Hizmetlerimiz"},"content":{"rendered":"\n<div class=\"wp-block-greenshift-blocks-container gspb_container gspb_container-gsbp-36c1c51\" id=\"gspb_container-id-gsbp-36c1c51\">\n<div class=\"wp-block-greenshift-blocks-container gspb_container gspb_container-gsbp-e3d3e91\" id=\"gspb_container-id-gsbp-e3d3e91\"><\/div>\n\n\n\n<div class=\"wp-block-greenshift-blocks-row gspb_row gspb_row-id-gsbp-9140389 gspb_row--gutter-custom-0\" id=\"gspb_row-id-gsbp-9140389\"><div class=\"gspb_row__content\"> \n<div class=\"wp-block-greenshift-blocks-row-column gspb_row__col--6 gspb_row__col--md-12 gspb_col-id-gsbp-4fd9b59\" id=\"gspb_col-id-gsbp-4fd9b59\">\n<div class=\"wp-block-greenshift-blocks-image gspb_image gspb_image-id-gsbp-cac8ad1\" id=\"gspb_image-id-gsbp-cac8ad1\"><img decoding=\"async\" src=\"https:\/\/radionetsaglikhizmetleri.com\/wp-content\/uploads\/2024\/11\/hizmetler-1.webp\" data-src=\"\" alt=\"\" loading=\"lazy\" width=\"1020\" height=\"878\"\/><\/div>\n<\/div>\n\n\n\n<div class=\"wp-block-greenshift-blocks-row-column gspb_row__col--6 gspb_row__col--md-12 gspb_col-id-gsbp-0e2e26f\" id=\"gspb_col-id-gsbp-0e2e26f\">\n<h1 id=\"gspb_heading-id-gsbp-cd8b07b\" class=\"gspb_heading gspb_heading-id-gsbp-cd8b07b \">Kalitenin s\u00fcreklili\u011fini sa\u011flamak,<br>m\u00fc\u015fteri memnuniyetini zirvede tutmakt\u0131r.<\/h1>\n<\/div>\n <\/div><\/div>\n<\/div>\n\n\n\n<div class=\"wp-block-greenshift-blocks-container gspb_container gspb_container-gsbp-d4abf27\" id=\"gspb_container-id-gsbp-d4abf27\">\n<div class=\"wp-block-cover alignfull is-light\" style=\"min-height:279px;aspect-ratio:unset;\"><span aria-hidden=\"true\" class=\"wp-block-cover__background has-background-dim-100 has-background-dim\" style=\"background-color:#ffffff\"><\/span><div class=\"wp-block-cover__inner-container is-layout-flow wp-block-cover-is-layout-flow\">\n<div class=\"wp-block-media-text alignwide is-stacked-on-mobile is-vertically-aligned-center is-image-fill-element\" style=\"grid-template-columns:32% auto\"><figure class=\"wp-block-media-text__media\"><img loading=\"lazy\" decoding=\"async\" width=\"644\" height=\"402\" src=\"https:\/\/radionetsaglikhizmetleri.com\/wp-content\/uploads\/2024\/11\/kardiyoloji-2.webp\" alt=\"\" class=\"wp-image-784 size-full\" style=\"object-position:50% 50%\" srcset=\"https:\/\/radionetsaglikhizmetleri.com\/wp-content\/uploads\/2024\/11\/kardiyoloji-2.webp 644w, https:\/\/radionetsaglikhizmetleri.com\/wp-content\/uploads\/2024\/11\/kardiyoloji-2-300x187.webp 300w\" sizes=\"auto, (max-width: 644px) 100vw, 644px\" \/><\/figure><div class=\"wp-block-media-text__content\">\n<h2 class=\"wp-block-heading has-text-color\" id=\"sorun-nedir-1\" style=\"color:#000000;font-size:clamp(20px, 1.25rem + ((1vw - 3.2px) * 0.938), 32px);\"><strong>KARD\u0130YOLOJ\u0130<\/strong><\/h2>\n\n\n\n<p class=\"has-text-color\" style=\"color:#000000;font-size:clamp(14px, 0.875rem + ((1vw - 3.2px) * 0.234), 17px);\">Kardiyoloji, kalp ve dola\u015f\u0131m sistemi hastal\u0131klar\u0131n\u0131 inceleyen t\u0131p dal\u0131d\u0131r. Kardiyologlar, kalp krizi, kalp ritim bozukluklar\u0131, kalp yetmezli\u011fi, y\u00fcksek tansiyon, aritmi, anevrizma ve di\u011fer kalp hastal\u0131klar\u0131n\u0131n te\u015fhisi, tedavisi ve takibi ile ilgilenirler.<\/p>\n<\/div><\/div>\n<\/div><\/div>\n<\/div>\n\n\n\n<div class=\"wp-block-greenshift-blocks-container gspb_container gspb_container-gsbp-7a21b14\" id=\"gspb_container-id-gsbp-7a21b14\">\n<div class=\"wp-block-cover alignfull is-light\" style=\"min-height:279px;aspect-ratio:unset;\"><span aria-hidden=\"true\" class=\"wp-block-cover__background has-background-dim-100 has-background-dim\" style=\"background-color:#ffffff\"><\/span><div class=\"wp-block-cover__inner-container is-layout-flow wp-block-cover-is-layout-flow\">\n<div class=\"wp-block-media-text alignwide is-stacked-on-mobile is-vertically-aligned-center is-image-fill-element\" style=\"grid-template-columns:32% auto\"><figure class=\"wp-block-media-text__media\"><img loading=\"lazy\" decoding=\"async\" width=\"644\" height=\"402\" src=\"https:\/\/radionetsaglikhizmetleri.com\/wp-content\/uploads\/2024\/11\/radyoloji-2.webp\" alt=\"\" class=\"wp-image-787 size-full\" style=\"object-position:50% 50%\" srcset=\"https:\/\/radionetsaglikhizmetleri.com\/wp-content\/uploads\/2024\/11\/radyoloji-2.webp 644w, https:\/\/radionetsaglikhizmetleri.com\/wp-content\/uploads\/2024\/11\/radyoloji-2-300x187.webp 300w\" sizes=\"auto, (max-width: 644px) 100vw, 644px\" \/><\/figure><div class=\"wp-block-media-text__content\">\n<h2 class=\"wp-block-heading has-text-color\" id=\"sorun-nedir-1\" style=\"color:#000000;font-size:clamp(20px, 1.25rem + ((1vw - 3.2px) * 0.938), 32px);\"><strong>RADYOLOJ\u0130<\/strong><\/h2>\n\n\n\n<p class=\"has-text-color\" style=\"color:#000000;font-size:clamp(14px, 0.875rem + ((1vw - 3.2px) * 0.234), 17px);\">Radyoloji, v\u00fccuttaki yap\u0131lar\u0131 ve i\u015flevleri g\u00f6stermek i\u00e7in radyasyon kullanan t\u0131bbi bir g\u00f6r\u00fcnt\u00fcleme y\u00f6ntemidir. Radyoloji g\u00f6r\u00fcnt\u00fcleme, doktorlar\u0131n hastal\u0131klar\u0131 te\u015fhis etmesine, tedavi planlar\u0131 geli\u015ftirmesine ve tedavinin etkinli\u011fini izlemesine yard\u0131mc\u0131 olabilir.<\/p>\n<\/div><\/div>\n<\/div><\/div>\n<\/div>\n\n\n\n<div class=\"wp-block-greenshift-blocks-container gspb_container gspb_container-gsbp-3766efa\" id=\"gspb_container-id-gsbp-3766efa\">\n<div class=\"wp-block-cover alignfull is-light\" style=\"min-height:279px;aspect-ratio:unset;\"><span aria-hidden=\"true\" class=\"wp-block-cover__background has-background-dim-100 has-background-dim\" style=\"background-color:#ffffff\"><\/span><div class=\"wp-block-cover__inner-container is-layout-flow wp-block-cover-is-layout-flow\">\n<div class=\"wp-block-media-text alignwide is-stacked-on-mobile is-vertically-aligned-center is-image-fill-element\" style=\"grid-template-columns:32% auto\"><figure class=\"wp-block-media-text__media\"><img loading=\"lazy\" decoding=\"async\" width=\"644\" height=\"402\" src=\"https:\/\/radionetsaglikhizmetleri.com\/wp-content\/uploads\/2024\/11\/girisimsel_radyoloji-2.webp\" alt=\"\" class=\"wp-image-789 size-full\" style=\"object-position:50% 50%\" srcset=\"https:\/\/radionetsaglikhizmetleri.com\/wp-content\/uploads\/2024\/11\/girisimsel_radyoloji-2.webp 644w, https:\/\/radionetsaglikhizmetleri.com\/wp-content\/uploads\/2024\/11\/girisimsel_radyoloji-2-300x187.webp 300w\" sizes=\"auto, (max-width: 644px) 100vw, 644px\" \/><\/figure><div class=\"wp-block-media-text__content\">\n<h2 class=\"wp-block-heading has-text-color\" id=\"sorun-nedir-1\" style=\"color:#000000;font-size:clamp(20px, 1.25rem + ((1vw - 3.2px) * 0.938), 32px);\"><strong>G\u0130R\u0130\u015e\u0130MSEL RADYOLOJ\u0130<\/strong><\/h2>\n\n\n\n<p class=\"has-text-color\" style=\"color:#000000;font-size:clamp(14px, 0.875rem + ((1vw - 3.2px) * 0.234), 17px);\">Giri\u015fimsel radyoloji, radyolojinin tedavi edici bir dal\u0131d\u0131r. G\u00f6r\u00fcnt\u00fcleme e\u015fli\u011finde ciltte i\u011fne deli\u011fi gibi k\u00fc\u00e7\u00fck bir alandan v\u00fccutta ilgili alana girerek, k\u0131lavuz teller ve ara\u00e7lar e\u015fli\u011finde uygulanan tedavi y\u00f6ntemleridir.<\/p>\n<\/div><\/div>\n<\/div><\/div>\n<\/div>\n\n\n\n<div class=\"wp-block-greenshift-blocks-container gspb_container gspb_container-gsbp-c18d63e\" id=\"gspb_container-id-gsbp-c18d63e\">\n<div class=\"wp-block-cover alignfull is-light\" style=\"min-height:279px;aspect-ratio:unset;\"><span aria-hidden=\"true\" class=\"wp-block-cover__background has-background-dim-100 has-background-dim\" style=\"background-color:#ffffff\"><\/span><div class=\"wp-block-cover__inner-container is-layout-flow wp-block-cover-is-layout-flow\">\n<div class=\"wp-block-media-text alignwide is-stacked-on-mobile is-vertically-aligned-center is-image-fill-element\" style=\"grid-template-columns:32% auto\"><figure class=\"wp-block-media-text__media\"><img loading=\"lazy\" decoding=\"async\" width=\"644\" height=\"402\" src=\"https:\/\/radionetsaglikhizmetleri.com\/wp-content\/uploads\/2024\/11\/ortopedi-2.webp\" alt=\"\" class=\"wp-image-790 size-full\" style=\"object-position:50% 50%\" srcset=\"https:\/\/radionetsaglikhizmetleri.com\/wp-content\/uploads\/2024\/11\/ortopedi-2.webp 644w, https:\/\/radionetsaglikhizmetleri.com\/wp-content\/uploads\/2024\/11\/ortopedi-2-300x187.webp 300w\" sizes=\"auto, (max-width: 644px) 100vw, 644px\" \/><\/figure><div class=\"wp-block-media-text__content\">\n<h2 class=\"wp-block-heading has-text-color\" id=\"sorun-nedir-1\" style=\"color:#000000;font-size:clamp(20px, 1.25rem + ((1vw - 3.2px) * 0.938), 32px);\"><strong>ORTOPED\u0130<\/strong><\/h2>\n\n\n\n<p class=\"has-text-color\" style=\"color:#000000;font-size:clamp(14px, 0.875rem + ((1vw - 3.2px) * 0.234), 17px);\">Ortopedi, kemik, eklem, kas, tendon ve ba\u011f doku gibi iskelet sistemi ile ilgili problemleri; \u00f6nlemek, te\u015fhis ve tedavi etmekle ilgilenen t\u0131p dal\u0131d\u0131r.<\/p>\n<\/div><\/div>\n<\/div><\/div>\n<\/div>\n\n\n\n<div class=\"wp-block-greenshift-blocks-container gspb_container gspb_container-gsbp-3d72b01\" id=\"gspb_container-id-gsbp-3d72b01\">\n<div class=\"wp-block-cover alignfull is-light\" style=\"min-height:279px;aspect-ratio:unset;\"><span aria-hidden=\"true\" class=\"wp-block-cover__background has-background-dim-100 has-background-dim\" style=\"background-color:#ffffff\"><\/span><div class=\"wp-block-cover__inner-container is-layout-flow wp-block-cover-is-layout-flow\">\n<div class=\"wp-block-media-text alignwide is-stacked-on-mobile is-vertically-aligned-center is-image-fill-element\" style=\"grid-template-columns:32% auto\"><figure class=\"wp-block-media-text__media\"><img loading=\"lazy\" decoding=\"async\" width=\"644\" height=\"402\" src=\"https:\/\/radionetsaglikhizmetleri.com\/wp-content\/uploads\/2024\/11\/koroner_anjiyo-2.webp\" alt=\"\" class=\"wp-image-791 size-full\" style=\"object-position:50% 50%\" srcset=\"https:\/\/radionetsaglikhizmetleri.com\/wp-content\/uploads\/2024\/11\/koroner_anjiyo-2.webp 644w, https:\/\/radionetsaglikhizmetleri.com\/wp-content\/uploads\/2024\/11\/koroner_anjiyo-2-300x187.webp 300w\" sizes=\"auto, (max-width: 644px) 100vw, 644px\" \/><\/figure><div class=\"wp-block-media-text__content\">\n<h2 class=\"wp-block-heading has-text-color\" id=\"sorun-nedir-1\" style=\"color:#000000;font-size:clamp(20px, 1.25rem + ((1vw - 3.2px) * 0.938), 32px);\"><strong>KORONER ANJ\u0130YO<\/strong><\/h2>\n\n\n\n<p class=\"has-text-color\" style=\"color:#000000;font-size:clamp(14px, 0.875rem + ((1vw - 3.2px) * 0.234), 17px);\">Koroner anjiyografi, kalbi besleyen damarlar\u0131n (koroner arterlerin) g\u00f6r\u00fcnt\u00fclenmesi i\u00e7in kullan\u0131lan bir t\u0131bbi i\u015flemdir. Bu i\u015flem s\u0131ras\u0131nda, bir kateter ad\u0131 verilen ince bir t\u00fcp, hastan\u0131n kol veya bacak damar\u0131ndan kalbe y\u00f6nlendirilir. Kateter i\u00e7ine, damarlar\u0131n g\u00f6r\u00fcn\u00fcr hale gelmesini sa\u011flayan bir kontrast madde enjekte edilir.<\/p>\n<\/div><\/div>\n<\/div><\/div>\n<\/div>\n\n\n\n<div class=\"wp-block-greenshift-blocks-container gspb_container gspb_container-gsbp-9b92212\" id=\"gspb_container-id-gsbp-9b92212\">\n<div class=\"wp-block-cover alignfull is-light\" style=\"min-height:279px;aspect-ratio:unset;\"><span aria-hidden=\"true\" class=\"wp-block-cover__background has-background-dim-100 has-background-dim\" style=\"background-color:#ffffff\"><\/span><div class=\"wp-block-cover__inner-container is-layout-flow wp-block-cover-is-layout-flow\">\n<div class=\"wp-block-media-text alignwide is-stacked-on-mobile is-vertically-aligned-center is-image-fill-element\" style=\"grid-template-columns:32% auto\"><figure class=\"wp-block-media-text__media\"><img loading=\"lazy\" decoding=\"async\" width=\"644\" height=\"402\" src=\"https:\/\/radionetsaglikhizmetleri.com\/wp-content\/uploads\/2024\/11\/kvc-2.webp\" alt=\"\" class=\"wp-image-792 size-full\" style=\"object-position:50% 50%\" srcset=\"https:\/\/radionetsaglikhizmetleri.com\/wp-content\/uploads\/2024\/11\/kvc-2.webp 644w, https:\/\/radionetsaglikhizmetleri.com\/wp-content\/uploads\/2024\/11\/kvc-2-300x187.webp 300w\" sizes=\"auto, (max-width: 644px) 100vw, 644px\" \/><\/figure><div class=\"wp-block-media-text__content\">\n<h2 class=\"wp-block-heading has-text-color\" id=\"sorun-nedir-1\" style=\"color:#000000;font-size:clamp(20px, 1.25rem + ((1vw - 3.2px) * 0.938), 32px);\"><strong>KVC<\/strong><\/h2>\n\n\n\n<p class=\"has-text-color\" style=\"color:#000000;font-size:clamp(14px, 0.875rem + ((1vw - 3.2px) * 0.234), 17px);\">KVC, kalp ve damar hastal\u0131klar\u0131 (kardiyovask\u00fcler hastal\u0131klar) i\u00e7in kullan\u0131lan bir k\u0131saltmad\u0131r. KVC, kalp krizi, kalp yetmezli\u011fi, y\u00fcksek tansiyon, ateroskleroz, koroner arter hastal\u0131\u011f\u0131, kalp kapa\u011f\u0131 hastal\u0131\u011f\u0131, kalp ritim bozukluklar\u0131 ve di\u011fer kalp ve damar hastal\u0131klar\u0131n\u0131 i\u00e7erir.<\/p>\n\n\n\n<p class=\"has-text-color\" style=\"color:#000000;font-size:clamp(14px, 0.875rem + ((1vw - 3.2px) * 0.234), 17px);\">KVC, d\u00fcnyan\u0131n en yayg\u0131n \u00f6l\u00fcm nedenidir. KVC, her y\u0131l d\u00fcnyada yakla\u015f\u0131k 18 milyon ki\u015finin \u00f6l\u00fcm\u00fcne neden olmaktad\u0131r. KVC, \u00f6l\u00fcmlerin %32\u2019sinden sorumludur.<\/p>\n<\/div><\/div>\n<\/div><\/div>\n<\/div>\n","protected":false},"excerpt":{"rendered":"","protected":false},"author":3,"featured_media":0,"parent":0,"menu_order":0,"comment_status":"closed","ping_status":"closed","template":"","meta":{"_gspb_post_css":".gspb_container-id-gsbp-36c1c51,.gspb_container-id-gsbp-e3d3e91{flex-direction:column;box-sizing:border-box}#gspb_container-id-gsbp-36c1c51.gspb_container>p:last-of-type,#gspb_container-id-gsbp-3766efa.gspb_container>p:last-of-type,#gspb_container-id-gsbp-3d72b01.gspb_container>p:last-of-type,#gspb_container-id-gsbp-7a21b14.gspb_container>p:last-of-type,#gspb_container-id-gsbp-9b92212.gspb_container>p:last-of-type,#gspb_container-id-gsbp-c18d63e.gspb_container>p:last-of-type,#gspb_container-id-gsbp-d4abf27.gspb_container>p:last-of-type,#gspb_container-id-gsbp-e3d3e91.gspb_container>p:last-of-type{margin-bottom:0}#gspb_container-id-gsbp-36c1c51.gspb_container{position:relative;margin-bottom:100px;padding-right:80px;padding-left:80px}@media (max-width:991.98px){#gspb_container-id-gsbp-36c1c51.gspb_container{margin-bottom:80px;padding-right:50px;padding-left:50px}}@media (max-width:575.98px){#gspb_container-id-gsbp-36c1c51.gspb_container{padding-right:40px;padding-left:40px}}#gspb_container-id-gsbp-36c1c51.gspb_container,#gspb_container-id-gsbp-36c1c51.gspb_container>.gspb_backgroundOverlay{border-top-left-radius:60px;border-top-right-radius:60px;border-bottom-right-radius:60px;border-bottom-left-radius:60px}@media (max-width:991.98px){#gspb_container-id-gsbp-36c1c51.gspb_container{border-top-left-radius:20px;border-top-right-radius:20px;border-bottom-right-radius:20px;border-bottom-left-radius:20px}}@media (max-width:991.98px){#gspb_container-id-gsbp-36c1c51.gspb_container>.gspb_backgroundOverlay{border-top-left-radius:20px;border-top-right-radius:20px;border-bottom-right-radius:20px;border-bottom-left-radius:20px}}#gspb_container-id-gsbp-36c1c51.gspb_container{background-color:var(--wp--preset--color--palette-color-5, var(--theme-palette-color-5, #E7F4F1))}#gspb_container-id-gsbp-e3d3e91.gspb_container{position:relative;overflow:hidden;border-top-left-radius:60px;border-top-right-radius:60px;border-bottom-right-radius:60px;border-bottom-left-radius:60px}body.gspb-bodyfront #gspb_container-id-gsbp-e3d3e91.gspb_container{position:absolute;top:0;right:0;bottom:0;left:0;width:100%;height:100%}@media (max-width:991.98px){#gspb_container-id-gsbp-e3d3e91.gspb_container{border-top-left-radius:20px;border-top-right-radius:20px;border-bottom-right-radius:20px;border-bottom-left-radius:20px}}#gspb_container-id-gsbp-e3d3e91.gspb_container>.gspb_backgroundOverlay{border-top-left-radius:60px;border-top-right-radius:60px;border-bottom-right-radius:60px;border-bottom-left-radius:60px}@media (max-width:991.98px){#gspb_container-id-gsbp-e3d3e91.gspb_container>.gspb_backgroundOverlay{border-top-left-radius:20px;border-top-right-radius:20px;border-bottom-right-radius:20px;border-bottom-left-radius:20px}}#gspb_container-id-gsbp-e3d3e91.gspb_container{background-color:var(--wp--preset--color--palette-color-6, var(--theme-palette-color-6, #efeff4))}#gspb_row-id-gsbp-9140389{justify-content:space-between;margin-top:0;margin-bottom:0;display:flex;flex-wrap:wrap}#gspb_row-id-gsbp-9140389>.gspb_row__content{display:flex;justify-content:space-between;margin:0 auto;width:100%;flex-wrap:wrap}.gspb_row{position:relative}div[id^=gspb_col-id]{box-sizing:border-box;position:relative;padding:15px min(3vw,20px)}body.gspb-bodyfront #gspb_row-id-gsbp-9140389>.gspb_row__content{width:var(--theme-container-width, 1200px);max-width:var(--theme-normal-container-max-width, 1200px)}#gspb_row-id-gsbp-9140389,#gspb_row-id-gsbp-9140389>.gspb_backgroundOverlay{border-top-left-radius:60px;border-top-right-radius:60px;border-bottom-right-radius:60px;border-bottom-left-radius:60px}#gspb_col-id-gsbp-4fd9b59.gspb_row__col--6{width:calc(50% - 50px)}@media (max-width:991.98px){#gspb_col-id-gsbp-4fd9b59.gspb_row__col--6{width:100%}}@media (max-width:767.98px){#gspb_col-id-gsbp-4fd9b59.gspb_row__col--6{width:calc(100% - 50px)}}@media (max-width:575.98px){#gspb_col-id-gsbp-4fd9b59.gspb_row__col--6{width:100%}}@media (min-width:992px){body.gspb-bodyfront #gspb_col-id-gsbp-4fd9b59.gspb_row__col--6{width:calc(40% - 0px - 50px)}}.gspb_row #gspb_col-id-gsbp-4fd9b59.gspb_row__col--6{padding:0}body #gspb_col-id-gsbp-4fd9b59.gspb_row__col--6{display:flex;flex-direction:column;justify-content:flex-end}@media (max-width:991.98px){#gspb_image-id-gsbp-cac8ad1{text-align:center}}#gspb_image-id-gsbp-cac8ad1 img{vertical-align:top;display:inline-block;box-sizing:border-box;max-width:100%;height:auto}#gspb_image-id-gsbp-cac8ad1{margin-top:-35px}@media (max-width:991.98px){#gspb_image-id-gsbp-cac8ad1{margin-top:0}#gspb_image-id-gsbp-cac8ad1 img{width:50%}}@media (max-width:575.98px){#gspb_image-id-gsbp-cac8ad1 img{width:90%}}@media (max-width:991.98px){#gspb_image-id-gsbp-cac8ad1,#gspb_image-id-gsbp-cac8ad1 img{height:auto}}@media (max-width:767.98px){#gspb_image-id-gsbp-cac8ad1,#gspb_image-id-gsbp-cac8ad1 img{height:auto}}@media (max-width:575.98px){#gspb_image-id-gsbp-cac8ad1,#gspb_image-id-gsbp-cac8ad1 img{height:auto}}#gspb_col-id-gsbp-0e2e26f.gspb_row__col--6{width:calc(50% - 50px)}@media (max-width:991.98px){#gspb_col-id-gsbp-0e2e26f.gspb_row__col--6{width:100%}}@media (max-width:767.98px){#gspb_col-id-gsbp-0e2e26f.gspb_row__col--6{width:calc(100% - 50px)}}@media (max-width:575.98px){#gspb_col-id-gsbp-0e2e26f.gspb_row__col--6{width:100%}}@media (min-width:992px){body.gspb-bodyfront #gspb_col-id-gsbp-0e2e26f.gspb_row__col--6{width:calc(60% - 0px - 50px)}}@media (max-width:991.98px){#gspb_col-id-gsbp-0e2e26f.gspb_row__col--6{order:-1}}.gspb_row #gspb_col-id-gsbp-0e2e26f.gspb_row__col--6{padding:40px 0}@media (max-width:991.98px){.gspb_row #gspb_col-id-gsbp-0e2e26f.gspb_row__col--6{padding-top:50px;padding-bottom:50px}}@media (max-width:575.98px){.gspb_row #gspb_col-id-gsbp-0e2e26f.gspb_row__col--6{padding-top:40px;padding-bottom:40px}}body #gspb_col-id-gsbp-0e2e26f.gspb_row__col--6{display:flex;flex-direction:column;justify-content:center}@media (max-width:991.98px){body #gspb_col-id-gsbp-0e2e26f.gspb_row__col--6{align-items:center}}#gspb_heading-id-gsbp-cd8b07b{font-size:30px}@media (max-width:991.98px){#gspb_heading-id-gsbp-cd8b07b{font-size:35px}}@media (max-width:575.98px){#gspb_heading-id-gsbp-cd8b07b{font-size:30px}}@media (max-width:991.98px){#gspb_heading-id-gsbp-cd8b07b,#gspb_heading-id-gsbp-cd8b07b .gsap-g-line{text-align:center!important}}#gspb_heading-id-gsbp-cd8b07b{font-weight:800!important;color:var(--wp--preset--color--palette-color-1, var(--theme-palette-color-1, #1f2368));margin-top:0;margin-bottom:30px}.gspb_container-id-gsbp-3766efa,.gspb_container-id-gsbp-3d72b01,.gspb_container-id-gsbp-7a21b14,.gspb_container-id-gsbp-9b92212,.gspb_container-id-gsbp-c18d63e,.gspb_container-id-gsbp-d4abf27{flex-direction:column;box-sizing:border-box}#gspb_container-id-gsbp-3766efa.gspb_container,#gspb_container-id-gsbp-3d72b01.gspb_container,#gspb_container-id-gsbp-7a21b14.gspb_container,#gspb_container-id-gsbp-9b92212.gspb_container,#gspb_container-id-gsbp-c18d63e.gspb_container,#gspb_container-id-gsbp-d4abf27.gspb_container{position:relative}","footnotes":""},"class_list":["post-10","page","type-page","status-publish","hentry"],"blocksy_meta":{"has_hero_section":"disabled","styles_descriptor":{"styles":{"desktop":"","tablet":"","mobile":""},"google_fonts":[],"version":6}},"_links":{"self":[{"href":"https:\/\/radionetsaglikhizmetleri.com\/index.php?rest_route=\/wp\/v2\/pages\/10","targetHints":{"allow":["GET"]}}],"collection":[{"href":"https:\/\/radionetsaglikhizmetleri.com\/index.php?rest_route=\/wp\/v2\/pages"}],"about":[{"href":"https:\/\/radionetsaglikhizmetleri.com\/index.php?rest_route=\/wp\/v2\/types\/page"}],"author":[{"embeddable":true,"href":"https:\/\/radionetsaglikhizmetleri.com\/index.php?rest_route=\/wp\/v2\/users\/3"}],"replies":[{"embeddable":true,"href":"https:\/\/radionetsaglikhizmetleri.com\/index.php?rest_route=%2Fwp%2Fv2%2Fcomments&post=10"}],"version-history":[{"count":9,"href":"https:\/\/radionetsaglikhizmetleri.com\/index.php?rest_route=\/wp\/v2\/pages\/10\/revisions"}],"predecessor-version":[{"id":793,"href":"https:\/\/radionetsaglikhizmetleri.com\/index.php?rest_route=\/wp\/v2\/pages\/10\/revisions\/793"}],"wp:attachment":[{"href":"https:\/\/radionetsaglikhizmetleri.com\/index.php?rest_route=%2Fwp%2Fv2%2Fmedia&parent=10"}],"curies":[{"name":"wp","href":"https:\/\/api.w.org\/{rel}","templated":true}]}}